v(c) + 3*y(c). Let i = -3914 - -3908. Is n(i) a composite number?
False
Let y be 2 + 0 - (-2 - 20). Suppose 81*m - 91*m + 400 = 0. Is (y/m)/((-2)/(-230)) a composite number?
True
Suppose 2*x - 97 = -3*y + 4294, -x = -3*y - 2218. Is x a prime number?
True
Suppose 4*c + t - 29 = 0, -5*t - 34 - 21 = -5*c. Let k be c/36 - 1318*(-2)/(-36). Let l = 222 + k. Is l prime?
True
Suppose 4*o + 5*d = -5234 + 623, 5*d - 3467 = 3*o. Suppose 0 = -3*l + 2*l + 1639. Let k = o + l. Is k a composite number?
True
Let c = 18 - 23. Let u be (-2)/c - (-84)/(-35) - -1257. Suppose 8*w - 3*w = -5*t + u, -514 = -2*t + 2*w. Is t composite?
True
Let b = -249 + 359. Suppose 4*i + 0*h - 4*h = -140, -2*h = -3*i - b. Is -4 + 3*i/(-15) prime?
False
Let u = -55927 - -174344. Is u a composite number?
True
Let q(i) = 441*i**3 + 19*i**2 + 34*i - 125. Is q(3) composite?
True
Is ((-714162)/30)/((-1)/5) a composite number?
False
Is (-16)/12 + 16978750/102 a composite number?
False
Is 27006 - 199 - 0/2 a composite number?
True
Let b be ((-12)/15)/((-6 - -2)/20). Suppose b*m = -16, -8*m + 148433 = 5*c - 5*m. Is c a prime number?
False
Let q(x) = 99547*x**2 + 20*x - 21. Is q(2) prime?
True
Let f = 119691 - 44294. Is f prime?
False
Let d = -11 - -9. Let b be (-3768)/(-9)*(-4 + 7) + d. Let s = 1783 - b. Is s composite?
True
Let t = 3259 - -7101. Is 0 - -5 - t/(-10 + 5) composite?
True
Suppose 0 = -53*x - 137*x + 13102210. Is x prime?
False
Let o(z) = 9 - 183*z + 343*z - 176*z. Is o(-15) composite?
True
Let q(w) = 23*w - 69. Let c be q(4). Let z(g) = 42*g + 31. Is z(c) a composite number?
False
Let w be (-1 - (0 + 20)) + 1. Let g(t) = t**2 - 95*t - 525. Let b be g(100). Is (-10)/b + (-13452)/w a prime number?
True
Is (2/((-16)/(-36858)))/(366/66856) a prime number?
False
Let q(m) = -18*m**3 + 21*m**2 + 70*m + 24. Let c be q(-12). Let v = -707 + c. Is v a prime number?
False
Suppose -4*a - 5*j + 10717 + 3257 = 0, -3*j = -6. Is a composite?
False
Suppose 147790 = 13*i + 14*i - 830636. Is i a composite number?
True
Suppose 5*m - 1726 + 475 = -4*b, 2*b = -5*m + 1253. Let i = m + -72. Is i prime?
True
Let b(r) = r**2 - 6*r + 7. Let q be b(5). Let a be 1/(-2) + 315/(-36)*(-8)/20. Suppose -x = q*n + a*n - 2626, -n = -2*x - 534. Is n prime?
False
Suppose 0*t - t - d = -7, 23 = 4*t + 3*d. Suppose -3*a = -c + 2013 - 475, t*a + 4621 = 3*c. Is c composite?
True
Let l(x) = -18*x - 16. Let w be l(-1). Suppose 2*h = -w - 4, 0 = -3*z + 5*h + 396. Is z prime?
True
Suppose -14*c = g - 11*c - 16906, -4*g + 2*c + 67694 = 0. Is g prime?
True
Let s(q) = 5*q + 21. Let c(u) = u. Let i(m) = -4*c(m) + s(m). Let y be i(-16). Suppose -y*d = 4*r - 381, 0 = -4*d + d - 5*r + 226. Is d composite?
True
Suppose 10*s + 6*s - 505216 = 0. Suppose -s = 102*k - 106*k. Is k a composite number?
True
Let l(f) = 612702*f**2 + 49*f + 39. Is l(-2) prime?
False
Let g(o) = o**2 + 19*o + 32. Let m be g(-17). Suppose 61 = 2*k - 3*p, k - 7*p = -9*p + 41. Let w = k + m. Is w a composite number?
True
Suppose 0*z + 4116 = 7*z. Suppose -4*v = 16, 0*i - v - z = -4*i. Let d = i + 453. Is d prime?
True
Suppose -13*y - 339697 = -3*s + 1453857, -3*s - 5*y + 1793536 = 0. Is s a composite number?
True
Let f = -103883 - -174256. Is f prime?
True
Let f(k) = -23*k**2 - 27*k - 32. Let j be f(17). Is -6 + j/(16/(-8)) a composite number?
True
Is (-147442590)/(-522) - ((-864)/87 - -10) composite?
True
Let a(v) = -4 - 4 + 8*v - 2 + 6. Let g be a(2). Suppose -9*t - 11829 = -g*t. Is t composite?
False
Let n = 48 - -1. Let i = n + -64. Is (2245/i)/(1/(-3)) prime?
True
Let g be 4*(-6)/48*4574. Let b = g - -4860. Is b a composite number?
True
Let s(d) = d**3 + d**2 - d + 63. Let r be s(0). Let h be 18/r + 33/7. Suppose -i = 4*c - c - 347, -3*c - h*i = -355. Is c prime?
False
Let m(j) = -4*j + 24. Let g be m(11). Let t = g - -26. Let a(r) = 28*r**2 - 6*r - 13. Is a(t) composite?
True
Suppose f = -2*o + 648553, 3*f - 1945684 = -17*o + 16*o. Is f a composite number?
False
Suppose 374 - 5092 = -2*g. Let r = g + -453. Is (r/(-6))/(-3 - (-32)/12) a prime number?
True
Is 20471 - ((-1596)/273 - 4/26) a prime number?
True
Suppose 3*k = -2*q + 28227, 5*k + 5*q = 13654 + 33391. Is k prime?
False
Let n(t) = -149291*t + 709. Is n(-2) a prime number?
False
Suppose -k + 2*k + u + 1 = 0, -25 = -3*k + 4*u. Suppose g - 7 = k. Suppose -g*o + 1165 = -9*o. Is o prime?
False
Suppose 0 = -3*n - 3*n + 66. Let z(t) = 19*t**2 - 6*t**2 - 1 + 10*t - n*t**2. Is z(13) a composite number?
False
Suppose 4*a = -9094 - 14946. Let g be a/(-5)*3/2. Is -3*(-4 - g/9) a composite number?
False
Let j(g) = -4*g**3 + 19*g**2 + 419*g + 67. Is j(-25) a composite number?
True
Let n(m) = m**3 - 15*m**2 - 9*m - 36. Let a be n(17). Let v = a - -3600. Is v prime?
True
Suppose -6*b + 4 = -4*b - x, -5*x + 1 = -3*b. Suppose 3*k = -4*u - k + 20604, u - 5135 = b*k. Is u prime?
True
Suppose -3*u = 9*u - 1865760. Suppose s + 3*w - 31101 = 5*w, -5*s = -5*w - u. Is s a prime number?
True
Let u(m) = -104*m - 27. Let w(f) = f**3 - 14*f**2 + 2*f - 26. Let q be w(14). Suppose 4*h + q*d + 18 = 0, -d - 2*d = 3. Is u(h) a prime number?
True
Suppose -8289 = -13*q + 12*q. Suppose 0 = 5*y - c - q, -5*c = 2*y - 2*c - 3302. Is y a prime number?
True
Let b be 4 - 11/(11/(-176664)). Suppose -23*s + b = 1523. Is s composite?
True
Let i(s) = -11*s + 397. Let l be i(-16). Let r be (1332/7)/((-1)/(-7)). Suppose 5*x - r = 3*a, -l = -3*x - a + 229. Is x a prime number?
False
Let l be 1*-2 - (-1 - 193). Suppose -3*n - l = -u - 994, 0 = 5*n + 5*u - 1350. Let g = -183 + n. Is g prime?
False
Suppose -9186498 = -194*j + 20841404. Is j a composite number?
True
Let b(w) = -w. Let k(j) = 546*j + 15. Let m(v) = 5*b(v) + k(v). Let s be m(-3). Let z = 2495 + s. Is z prime?
True
Let f(b) = -9*b**3 - 5 + 80*b + b**3 - 11*b**3 - 84*b + b**2. Let g be f(-2). Let n = g + -113. Is n prime?
False
Let f(k) = -11*k**2 + 44*k - 5*k**3 - 200 + 182 + 4*k**3 - 19*k. Is f(-19) prime?
False
Suppose -66*u + 45*u + 210693 = 0. Is u a composite number?
True
Suppose x = -3*l + 94736, 4*x - 4*l - 462217 = -83321. Is x a prime number?
True
Suppose -4*u = -5*z - 112, 0*u + 95 = 3*u - z. Let p = u - 14. Is p prime?
True
Let o(v) = -603*v**3 - 3*v**2 + 5*v + 114. Is o(-5) a composite number?
False
Let y = 368 + -349. Suppose -3*f - 134130 = -3*g, -y*g - 89435 = -21*g + 5*f. Is g a composite number?
True
Let r(m) = -m**3 + 11*m**2 + m + 6. Suppose -4*y + 7*y - 21 = 0. Suppose 2*f - 45 = -y*f. Is r(f) a composite number?
True
Suppose -6*y + 61 + 59 = 0. Suppose 5*n + y = 0, -6*w + 4*w + 5834 = 3*n. Suppose 5*l - w = 2*d - 5*d, -4*l + 2336 = 3*d. Is l composite?
False
Let t = 29843 + 105924. Is t composite?
True
Suppose 0 = -2*f - 8, -2*g = -4*g - f. Let z be (-4)/((-24)/(-39))*-2. Is (-1 + z/g)*232/4 a prime number?
False
Suppose -21*b + 23*b - 8318 = 0. Suppose -2*p = -b - 1107. Is p prime?
True
Let n(u) = -2*u - 76. Let j be n(-40). Is (-9281 - (-20)/j)/(-2) - 5 a prime number?
False
Suppose 5 = -6*d + 4*d + 5*v, 0 = -4*d + v - 37. Is (d/3)/((-14)/2037) a composite number?
True
Suppose p - 43 = 2*m, 0*p - m - 224 = -5*p. Let o be (p/(-20) - (-2)/8)*-2. Suppose o*g + 0*g - 332 = 0. Is g a prime number?
True
Suppose -415 = -5*x - 3*h, -4*h - 140 = -2*x - 0*h. Suppose -d + 0*d + x = 0. Suppose 2*y - z - 167 - d = 0, 2*z - 595 = -5*y. Is y prime?
False
Suppose c = -l - 2*c + 1827, 5496 = 3*l + 4*c. Suppose 114*u + l = 116*u. Let s = u - 545. Is s composite?
False
Let f be 12/16*120/18. Suppose -m = 3*a - 43373, 4*m - 87744 = f*a + 85782. Is m a prime number?
False
Let i be 7/14*(-1 + -1249) - 2. Let d be ((-2)/(-6)*-10)/((-2)/i). Let b = d - -3118. Is b prime?
False
Suppose -135001293 = -266*r + 63*r. Is r a composite number?
True
Let k(u) = -208*u - 10. Let a = 25 + -28. Let d be k(a). Is ((-2)/(-4))/(1/d) a composite number?
False
Suppose -78*q = -74502004 + 590686. Is q prime?
False
Suppose 24 = 4*n, 0 = -2*s - 9*n + 6*n + 229966. Is s a prime number?
False
Let t be (-3 + 6/2 + 113576)*-1. Is 1 - (t/18 - 14/63) composite?
False
Let v = 135025 - 8942. Is v a composite number?
True
Let c be -2 + (-3)/(-1) + -2. Let h(a) = -1779*a**3 + a**2. Let i be h(c). Suppose i = 7*d - 3*d. Is d a prime number?
False
Let g(c) = -2*c - 15. Let u be g(-9). Let l(k) = 0 - 26*k**u - k**3 